. What is the greatest common divisor of p and 30?
30
Suppose 113*q - 54532 = -100*q - 22582. Calculate the greatest common divisor of q and 3075.
75
Let v be 676/14 - (-16 + 2280/140). What is the greatest common factor of v and 1422?
6
Let j(i) = 22*i + 6. Suppose -3 = -2*a + 4*n + 15, 0 = -3*a + 2*n + 27. Let w be j(a). What is the greatest common factor of w and 17?
17
Let o(s) = -10*s - 4. Let z be o(-3). Let i(x) = 3*x**2 - 10*x - 21. Let j be i(8). What is the greatest common factor of j and z?
13
Let q = 53 - 15. Suppose 2*o = b + 38, 6*b - 8*b = 0. Calculate the greatest common factor of o and q.
19
Let j(b) = 2*b - 42. Let v be j(22). Suppose 5*k - 4*k + v*w - 10 = 0, 2*k = -w + 35. What is the highest common divisor of k and 940?
20
Let n(i) = i**2 + 55*i + 586. Let v be n(-41). What is the highest common divisor of 462 and v?
6
Suppose -2*b - 361 = -5*v - 0*v, -5*v + 529 = -3*b. Let f = b - -186. Calculate the greatest common factor of 15 and f.
3
Suppose 3*r - 5*z - 37 = 0, z + 8 = 2*r - 5. Let f(o) = -2 + 10*o + 866*o**2 - 865*o**2 - 19. Let s be f(r). What is the greatest common factor of 10 and s?
5
Let z(o) = 14*o**2 + 12*o + 1. Let d be z(-1). Let j be ((-45)/2)/d*(1 + -23). What is the highest common factor of j and 33?
33
Let p = -1539 - -1556. Let x be (1 - (-2 - 87))/(18 - p). Suppose -3*l + 48 = 3*b, 0*b = -5*l - 3*b + 84. What is the highest common divisor of x and l?
18
Suppose 0 = -5*w - 42*w + 2856 - 318. Calculate the highest common factor of 942 and w.
6
Let f = 24284 + -21255. Calculate the highest common factor of 39 and f.
13
Let r = 3551 + -3254. What is the greatest common factor of 81 and r?
27
Suppose -n = -0*n + 151. Let j = n + 206. What is the highest common factor of 11 and j?
11
Suppose -165*o = 76*o - 148938. Calculate the greatest common factor of o and 6.
6
Let i = 95 + -11. Suppose 2*q + 14 = -2*j, 5*q - j + 77 = 24. Let c be (24/q)/((-3)/(-45)*-3). What is the highest common factor of i and c?
12
Suppose -120 = -5*i - 5*x, -2*i = 3*x - 4*x - 57. Let m be 4/(-14) - i/(-21). Let b be ((-72)/(-48))/(2/8*2). What is the greatest common factor of b and m?
1
Let r = -27 - -24. Let a be (-2 - r)*8 - -4. Let d be -1*(-1)/(-6) + (-327)/(-18). Calculate the greatest common divisor of d and a.
6
Let f(k) = -3*k**2 + 117*k + 3. Let i be f(35). What is the greatest common factor of i and 9?
9
Suppose 589 = 5*y - 3*j, y - 5*j - 229 = -76. What is the greatest common divisor of 30397 and y?
113
Let n(t) = 7*t**2 - 317*t + 1600. Let b be n(5). Calculate the highest common divisor of 152 and b.
38
Suppose 5*d - 8*d = -3*u + 9, -2*d - 27 = 5*u. Let l be 1/((d + 4)/(-34)). What is the highest common factor of l and 306?
17
Let s be (-20796672)/(-2912) + 9/7. What is the greatest common factor of 3 and s?
3
Suppose 5*u = 4*u + 3*k + 27, -2*u = -2*k - 42. Suppose 920 - 245 = 5*h. What is the greatest common divisor of u and h?
9
Suppose 8*s + 23 = 9*s - 2*r, 139 = 5*s - 4*r. What is the highest common divisor of 589 and s?
31
Let q(g) = g**2 - 8*g - 5. Let b be q(6). Let i = 30 - b. Let u = -38 + i. What is the greatest common divisor of u and 6?
3
Let y be (-2 - (-2892)/9)*(-5 + 20). Suppose y = 14*d - 3722. What is the highest common factor of d and 38?
38
Let s be 568*(9 - -132)/(15 + -11). Calculate the greatest common factor of s and 188.
94
Suppose -4*u = -3*z - 578, u + 2*z - 425 = -2*u. Calculate the highest common factor of 187 and u.
11
Let n(c) = -14*c**3 - c**2 - 23*c - 97. Let f be n(-3). What is the greatest common divisor of f and 248?
31
Let d be (-2)/((-5)/185*2). Let z(l) = -l**3 - 4*l**2 - l - 3. Let p be z(-4). Let x = d - p. What is the highest common divisor of x and 54?
18
Suppose -3*r + 417 = -5*x, 3*r - 156 = 2*r - 4*x. Let d be (r/(-6))/(-2) + -6. Let v = -80 - -116. What is the greatest common divisor of v and d?
6
Let x(w) = -6*w - 31. Let n be x(-5). Let v(u) = -81*u**3 - 3*u**2 - 2*u. Let y be v(n). What is the highest common factor of y and 10?
10
Let x be ((-18241)/102)/(21/(-252)). What is the highest common factor of x and 1334?
58
Suppose -2*x + 108 + 126 = 0. Let i(u) = 10*u + 85. Let z be i(-8). Suppose z*g - 67 + 2 = 0. What is the highest common factor of g and x?
13
Let g be ((-27)/4)/((-1)/4). Suppose -3*w + 21 = -g. Suppose 483*b = -2683*b + 101312. Calculate the greatest common factor of w and b.
16
Suppose -5*b + 54 = 9*t - 6*t, -34 = -2*b + 5*t. Suppose 10*f + 2*f - 720 = 0. What is the greatest common divisor of f and b?
12
Let f = -32268 + 33476. What is the highest common factor of f and 1661?
151
Let i be 1344/44 + (-66)/121. What is the greatest common divisor of 894 and i?
6
Suppose -17*q - 184699 = -40*q - 53461. Calculate the greatest common factor of q and 54.
18
Let m(g) = 277*g - 139*g - 211*g - 9 - 30. Let x be m(-6). Calculate the greatest common factor of x and 57.
57
Let z = 79 - 43. Let n = 41 - z. Suppose 5*b + 4*x + 22 = 53, 2*b + n*x - 9 = 0. What is the highest common divisor of b and 35?
7
Let u be 3*1*((-20)/4)/15. Let k be (22 - -4) + (-5 - u). Calculate the greatest common factor of k and 33.
11
Let x(f) = 11*f**2 - 13*f + 6. Let t be x(-5). Suppose -12*b - t = -3*l - 10*b, -5*b + 218 = 2*l. What is the greatest common factor of l and 12?
6
Let g be (525/(-70))/(3/2) + 48672/2. Calculate the highest common factor of g and 58.
29
Suppose 2*r - 5*w - 200 = -w, -3*w = 5*r - 552. Suppose r = -39*z + 48*z. What is the greatest common divisor of 32 and z?
4
Suppose 0 = -5*i + 65*d - 70*d + 890, -4*i + 714 = 5*d. Let g = 13 + 3. Calculate the highest common divisor of g and i.
16
Let k be (-4 - -4)/(8/8). Suppose l + 21 = 4*o, 0 = 3*o - 2*l - 17 - k. Suppose -20 = -8*h + 12. What is the highest common factor of o and h?
1
Let i be (350 + -361)*(-3)/((-6)/(-368)). Calculate the greatest common factor of 92 and i.
92
Let n = -162 + 166. Suppose 25 = 5*w + n*y - 75, 2*w - 43 = -y. Calculate the highest common factor of 48 and w.
24
Let h(j) be the second derivative of -j**4/12 + 7*j**3/3 - 37*j**2/2 - j + 53. Let y be h(9). What is the highest common factor of y and 200?
8
Let d be 12*(16/(-112) - (-823)/(-21)). Let z = d - -477. Calculate the highest common divisor of z and 200.
5
Let b(a) = -a**2 + a. Let r(d) = 3*d**2 + 12*d + 36. Let h(u) = -2*b(u) - r(u). Let i be h(-7). What is the highest common divisor of i and 325?
13
Let l be 2 + 66/(-30) - 3010/(-50). What is the highest common factor of 4440 and l?
60
Suppose 38 = 46*r - 54. Suppose 5*f - 8 + 4 = -2*x, -r*x + f = -4. Let a = 2 - -3. Calculate the highest common factor of a and x.
1
Let t be (-24 - -22) + -11 + 236. Calculate the highest common divisor of 4683 and t.
223
Let v(u) = 6*u + 2. Let q be v(3). Let h = 95177 + -95113. Calculate the greatest common factor of q and h.
4
Let j be (1*1/(-3))/((-2)/72). What is the greatest common divisor of 96 and j?
12
Let v = 649 + -654. Let w be (2/v + 1)/((-28)/(-420)). What is the greatest common factor of w and 63?
9
Let i(v) = v**3 - 7*v**2 + 12*v + 4. Let f be i(3). Suppose f*k - 5*s = -2*s + 140, 0 = -4*k - s + 124. What is the greatest common divisor of 160 and k?
32
Suppose 15 - 39 = -4*q - 2*t, -12 = -4*q + t. Suppose -8 + 24 = q*i, 3*z - 247 = -i. Calculate the greatest common divisor of 3 and z.
3
Let n = 1571 - 616. Let f = -903 + n. Calculate the greatest common factor of f and 39.
13
Let f(i) = 9*i - 20*i + 115*i + 76. Let a be f(4). What is the highest common divisor of 24 and a?
12
Suppose 2*n = -2*q + 58, -5*n + 4*n + 6*q + 64 = 0. What is the greatest common factor of n and 10778?
34
Let l = -21 + 6. Let y be (-20)/l*(-255)/(-2). Let o = 265 - y. What is the highest common divisor of 38 and o?
19
Let b = 262 + -232. Suppose 110 = 3*f - d, 2*d = f + 5*d - 30. Let w = f - b. What is the greatest common divisor of 6 and w?
6
Let k(o) = 21*o**2 + 2*o + 2. Let x be k(-2). Suppose 4*v = f - 345, -9467*v = 3*f - 9465*v - 1119. Calculate the greatest common factor of x and f.
41
Let r(h) = 38*h**2 + 42*h + 274. Let o be r(13). What is the greatest common divisor of o and 213?
213
Let g(n) = n**2 - n. Let y be g(2). Suppose 0 = -j - 7*d + y*d + 55, 0 = -4*d + 16. What is the highest common divisor of j and 21?
7
Let t(d) = d**3 + 28*d**2 + 23*